 + 14*u + 2. Let l = -6 - 1. Let d be i(l). Suppose -2*r = -b + 58, 4*b - b - 134 = -d*r. What is the remainder when b is divided by 14?
6
Suppose 2*v + 28 = -5*n + 103, -4*n + 60 = v. What is the remainder when 372 is divided by n?
12
Let b(w) = -w - 3. Let s be b(11). What is the remainder when (60/(-6))/(-5) + (-3 - -10) is divided by s/(-49) + 66/14?
4
Let p = -9040 - -9696. What is the remainder when p is divided by 138?
104
Let s be -5 + (95/5 - 4). Suppose 3*f + 5*x - 127 - s = 0, -2*x = 10. Suppose -46 = -5*j + f. Calculate the remainder when 37 is divided by j.
17
Let n(x) = -2*x + 124. Calculate the remainder when 11519 is divided by n(32).
59
Let c be 808/5 + ((-104)/40 - -3). Let o = c - 21. Calculate the remainder when o is divided by 24.
21
Let n = -6063 + 6099. What is the remainder when 127 is divided by n?
19
Let g(q) = q**3 - 6*q**2 - 7*q + 37. Let r be g(5). Let c = r - -33. Calculate the remainder when 18 is divided by c.
8
Suppose -89*h + 159*h + 342*h - 1530992 = 0. Calculate the remainder when h is divided by 155.
151
Let h(u) = -u**2 - 15*u - 43. Let v be h(-6). Suppose -v*m = 5*m. Calculate the remainder when 89 is divided by (45/2)/((-27)/(-36) + m).
29
Let m be (30/(-5) - -7) + 496. Let o = m + -404. What is the remainder when o is divided by 48?
45
Suppose 364 + 116 = -6*z. Let r = z + 184. Calculate the remainder when r is divided by 15.
14
Let p = -8714 - -9214. Calculate the remainder when p is divided by 243.
14
Suppose -t - 82 = 4*s - 485, -5*s + 525 = -3*t. What is the remainder when s is divided by (10/(-4))/(1391/78 - 18)?
12
What is the remainder when ((1/(-2))/((-72)/48))/(1/993) is divided by 70?
51
Suppose 45*b = 46*b. Suppose b = -54*d + 53*d + 32. What is the remainder when 94 is divided by d?
30
Let b(r) = -r + 3. Let i = 48 - 57. Calculate the remainder when 12 is divided by b(i).
0
Let i = -306 + 334. Suppose i*l - 936 = 15*l. Calculate the remainder when 287 is divided by l.
71
Let c = 7 + 8. Let v(t) be the second derivative of 7*t**5/20 - 2*t**4/3 - 17*t**3/6 + 2*t**2 + 5*t - 18. What is the remainder when v(3) is divided by c?
10
Let c(k) = -k**3 + 22*k**2 + 45*k - 102. Calculate the remainder when c(23) is divided by 11.
8
Let b(z) = 165*z**2 - 164*z**2 - 1 - 9*z - 2. What is the remainder when b(10) is divided by 5?
2
Let s = 51 + -11. Suppose -647*a + 651*a = 3*n + 84, -5*a - 5*n + 35 = 0. What is the remainder when s is divided by a?
10
Suppose -6*p - 59*p = -11093 - 3402. Let i(x) = -x + 7. What is the remainder when p is divided by i(-2)?
7
Let d = -5744 - -5896. What is the remainder when 541 is divided by d?
85
What is the remainder when 269 is divided by 1387/2774 + 1*(-94)/(-4)?
5
Let h(q) = 6*q**2 + 891*q - 421. Let a(p) = 5*p - 4. Calculate the remainder when h(-149) is divided by a(4).
10
Suppose -354 = -3*n + 66. Let t = n - 100. Calculate the remainder when 78 is divided by t.
38
Let m(k) = -k**2 + 189*k - 8672. Calculate the remainder when 7683 is divided by m(106).
123
Suppose 23*a + 2583 = 44*a. Calculate the remainder when a is divided by 22.
13
Let a be 1/5 + 27/15. Suppose -a*j + 468 = z, 720 = -5*j + 8*j - 3*z. What is the remainder when j is divided by 30?
26
Let u(z) = -z**3 + 3*z**2 - z. Let g be u(2). Let o(p) = -p**3 - 61 + p**3 - p**3 + 72 + g*p. Calculate the remainder when 40 is divided by o(0).
7
Let u = -199 + 214. Suppose u*v = 23*v - 64. Calculate the remainder when 60 is divided by v.
4
Suppose 4*d - 260 = -6*d. Suppose -2*c - d = -3*c - 2*b, b = 4*c - 68. Suppose 0 = -q - 5, 3*q + 8 + c = y. Calculate the remainder when 53 is divided by y.
9
Let d(s) = 6*s + 15. Let z be d(0). Let b(f) = 9*f - 59. What is the remainder when b(z) is divided by 26?
24
Suppose 0 = -2872*d + 1761*d + 7777. Let j be (-2 + 7)*(-1)/(-1). Let c = j + 8. What is the remainder when c is divided by d?
6
What is the remainder when (-2339 - -143)*2/(-3) is divided by 4?
0
Calculate the remainder when (((-21)/(-9))/7)/((-13)/(-6591)) is divided by 148.
21
Suppose -287*j - 831364 = -2604163. What is the remainder when j is divided by 60?
57
What is the remainder when 13498 is divided by (-8 + -1)/(-5 - (-133)/28)?
34
Let m(b) = 3*b + 61. Suppose 19*y - 12*y = -70. Calculate the remainder when m(y) is divided by 9.
4
Let z(h) = -2*h**3 - 37*h**2 + 14*h - 29. Suppose 31*b = 24*b + 119. Calculate the remainder when z(-19) is divided by b.
15
Let a(m) = -m**3 + 2*m**2 + 5*m + 7. Let f be a(-4). Suppose -4*i - 10*o + f = -9*o, 3*i + o = 62. What is the remainder when 58 is divided by i?
16
Let n be ((-1)/(-1))/(2/(-472)). What is the remainder when (57/76)/((-1)/n) is divided by (-1267)/(-21) - ((-3)/(-9))/1?
57
Let z be ((-232)/12)/(10/105). Let m = z - -212. What is the remainder when 15 is divided by m?
6
Let g be (3 + -3 - -3) + 1. Suppose 0 = g*o + o + 1025. Calculate the remainder when 76 is divided by o/(-8) + 42/112.
24
Let i(b) = -17*b + 2090. Let q be i(0). Calculate the remainder when 65 is divided by q/57 + (-2)/(-6).
28
Let l(o) = -361*o + 4020. Calculate the remainder when 630 is divided by l(11).
42
Let o = -28061 + 28227. Calculate the remainder when 999 is divided by o.
3
Suppose -6 + 11 = p. Suppose -p*k + 52 - 17 = 0. Suppose 103 - k = 6*m. Calculate the remainder when 59 is divided by m.
11
Suppose -49*q - 595 = -51*q + 5*n, 4*q - 5*n - 1155 = 0. Calculate the remainder when q is divided by 72.
64
Suppose 0 = 2*c - 15*i + 11*i - 858, 4*c - 4*i = 1720. Let m = -382 + c. Calculate the remainder when m is divided by 23.
3
Suppose 2*s - 32 = -2*r + 42, -2*s + 5*r + 102 = 0. What is the remainder when s is divided by 264/26 + -10 - 284/(-13)?
19
Let t(j) = -96*j - 671. Calculate the remainder when t(-11) is divided by 194.
191
Suppose 2380 = 23*h - 3*h. Let a = -47 + 57. Calculate the remainder when h is divided by a.
9
Let k(g) = g**2 - 9*g - 10. Let q(m) = 2*m**2 - 17*m - 21. Let c(b) = 7*k(b) - 4*q(b). Let o = 33 + -11. What is the remainder when o is divided by c(6)?
6
Suppose 2*f - 34 = -2*q, -5*q = -4*f - 5 + 73. Suppose -10*a + 281 = -539. Calculate the remainder when a is divided by f.
14
Let g(x) = -4*x + 5. Let h be g(-4). Let p = -5 + h. Calculate the remainder when (15/(-12))/((-8)/960) - (-18)/2 is divided by p.
15
Let a(o) = 13*o**2 - 6*o - 28. Let m be a(-4). Suppose -2*z = b - m, b - 412 = -14*z + 10*z. What is the remainder when z is divided by 21?
20
Let a(f) = 2*f**2 - 17*f + 49. Let z be a(4). Suppose 168 = 15*l + z*l. Let x(w) = -w**2 - 7*w - 3. What is the remainder when x(-4) is divided by l?
3
Let b = -4 - 1. Let j be (10/b*10/(-4))/1. Suppose 0 = j*t + 2*m - 50, 5*t + 2*m - 45 = -m. What is the remainder when 40 is divided by t?
4
Let v(s) = -3*s**2 + 596*s - 1135. What is the remainder when v(190) is divided by 119?
116
Let h(i) = -i**3 + 2*i**2 - 36*i - 62. What is the remainder when h(-5) is divided by 42?
41
Let q(m) = 2*m**2 + 8*m + 4. Let y be q(-5). Suppose -177 = -c - y. Let s(r) = r**2 - 11*r + 3. Calculate the remainder when c is divided by s(12).
13
Let u = 11 - 5. Let z(q) = -q**2 + 12*q + 46. What is the remainder when z(9) is divided by u?
1
Suppose 0 = -3*m + 2*v + 5010, -4*v = -0*m - 10*m + 16700. Calculate the remainder when m is divided by 8.
6
Suppose 12*g = 167 + 775 + 138. Calculate the remainder when 348 is divided by g.
78
Let b(v) = -v**3 - 5*v**2 - 14. Let p = -87 + 90. Suppose 2 = -w - 3, -9 = 4*k - p*w. What is the remainder when 87 is divided by b(k)?
21
Let u(y) = 3*y**2 - 38*y - 328. Let q be 4/(-6)*(-18)/4. Suppose -x = q*x - 52. Calculate the remainder when x is divided by u(-6).
5
Suppose 4*x + b + 21 - 55 = 0, -5*x + 53 = -4*b. Suppose -22 + 14 = -4*t. Suppose -t*r + x = -27. What is the remainder when 67 is divided by r?
13
Let i = -12 + 35. Suppose 5*t = 2*r - i, 8 = 5*r + 3*t - 34. Suppose 4*u - 112 = -13*k + r*k, -8 = -u + 3*k. What is the remainder when u is divided by 15?
8
Let k(r) = 20*r**2 + 5 - 9 + 20 + r**3 + 0. Suppose 9*p - p - 48 = 0. Calculate the remainder when k(-20) is divided by p.
4
Suppose 4*c + 2*y - 482 = 0, 0*y + 10 = -2*y. Let u(j) = j**2 + j - 12. Let h be u(-4). Calculate the remainder when 2/(-4) + (h - c/(-6)) is divided by 12.
8
Let d be (12 - 8)/(2 - 3) - -6. Suppose -d*z = 3*z - 205. Let